q - -3. Calculate the remainder when 2 is divided by x + (9/3)/3.
0
What is the remainder when 34 is divided by 8 + 5 + (0 - 1)?
10
Calculate the remainder when (-37)/(-2) - (-51)/(-34) is divided by 6.
5
Let l = 19 + -33. Let w = l - -53. Calculate the remainder when w is divided by 10.
9
Suppose 0 = -7*f + 11*f - 44. What is the remainder when 40 is divided by f?
7
Let x(k) = -k. Let g be x(-4). Let i = g - -3. Let m = -11 - -15. What is the remainder when i is divided by m?
3
Let m be (19/(-1))/(2/(-2)). Suppose 0 = -5*z + 31 + m. What is the remainder when 18 is divided by z?
8
Let a = 250 + -167. What is the remainder when a is divided by 21?
20
Calculate the remainder when 20 - 1*(3 - 2) is divided by 11.
8
Suppose -5*c - g = -108, 0*g = 3*g - 9. Let t(x) = 2*x**3 + 2*x**2 - 4*x. Calculate the remainder when t(3) is divided by c.
18
Let r be 1/2*(6 + 24). Let o be (-42)/(-15) + 3/r. Suppose 9 = -0*q + o*q. Calculate the remainder when 4 is divided by q.
1
Suppose 0*i + i = -6. Calculate the remainder when ((-130)/(-15))/((-4)/i) is divided by 8.
5
Suppose -3*y + 3 = 0, -4*j + 1 = -3*y - 12. Suppose -j*t + 295 = -w, 3*t + w = -2*w + 225. What is the remainder when t is divided by 19?
17
Let c(a) = a**2 + 3*a**2 + a**2 + a - 7*a**2 + 1. Let v be c(-1). Calculate the remainder when 2 is divided by (-4)/(-4 + v/(-1)).
0
Suppose -4*k + 4*r + 24 = 0, -k - 3*r - 3 = 3. Suppose -4*y - 36 = 2*p - k*p, 25 = -5*y. Calculate the remainder when 46 is divided by p.
14
Suppose 7*x - 31 = 6*x. Calculate the remainder when x is divided by 17.
14
Let s be (5 + -8)*2/(-3). Suppose b + 0*b - s = 0. What is the remainder when 6/(-3)*10/(-4) is divided by b?
1
Let q(a) = a**2 - 9*a + 8. Let f be q(8). Let j = f - -17. Suppose 5*h = 4*h + 6. What is the remainder when j is divided by h?
5
Let p = 44 - -45. Calculate the remainder when p is divided by 23.
20
Suppose k - 5 = 0, 3*a = 4*k + 25 + 6. Calculate the remainder when a is divided by ((-20)/8)/((-4)/16 - 0).
7
Suppose y + 64 = 2*x + x, -44 = -3*x + 5*y. Suppose -4*t - 2*q = -50, -4*t - 4*q + 28 = -2*t. What is the remainder when x is divided by t?
11
Let u(d) = 2*d**2 - 4. Let l be 2/(-3)*18/(-4). Calculate the remainder when u(l) is divided by 6/1*(-4)/(-3).
6
Suppose 5*v - 2*q + 30 = 0, -2*v + 4*q - 12 = 2*v. Let g = 14 + v. What is the remainder when 18 is divided by g?
0
Let g = 226 - 117. Suppose -1 = 3*v + 3*q - g, q = -4*v + 132. Let w = -15 + v. What is the remainder when w is divided by 5?
2
Calculate the remainder when -4*(-16)/2*(-4 - -5) is divided by 12.
8
Suppose 2*n - 5*n + 159 = 0. Calculate the remainder when n is divided by -25*(-6)/8 - 6/8.
17
Let w = 52 - 7. What is the remainder when w is divided by 12?
9
Suppose 205 = 4*x - 71. Suppose -q = 2*q - x. Calculate the remainder when q is divided by 13.
10
Suppose -5*x + 160 = 5*h, -5*h + 154 = 3*x - 0*x. Calculate the remainder when 56 is divided by h.
27
Let b = 78 - 34. Suppose 2*c + b = 4*c. Suppose 2*h - 14 = d, -2*h + 7 = 2*d - 13. Calculate the remainder when c is divided by h.
6
Suppose j = 3*q + 35, 0 = 3*q + 2*q + 5. Let g = j - -11. What is the remainder when g is divided by 22?
21
Let w = 6 - -2. Let n = w + -4. Let q(d) = -d**3 - 5*d**2 + d + 12. What is the remainder when q(-5) is divided by n?
3
Let r(u) = -u**3 - 4*u**2 - 6*u - 6. Let x be r(-3). Suppose -2*z + k + 0 = -17, -x*z = 4*k - 9. What is the remainder when z is divided by (-2 - -4)*1/1?
1
Suppose 11*n = n + 170. What is the remainder when 84 is divided by n?
16
Suppose -20 = -3*b - 62. What is the remainder when 30 is divided by 4/b - (-869)/77?
8
Suppose 0 = -3*x + 6. Let o(u) = -2 + x - 3*u - 3. What is the remainder when 11 is divided by o(-3)?
5
Let c(v) = 6*v - 2. Suppose -2*j + 0*h + 4*h = 10, -2*h + 3 = -3*j. Calculate the remainder when c(4) is divided by 3/j*8/3.
6
Let z(r) = 7 + 2*r - r - r**2 + 6 - 9*r. What is the remainder when 37 is divided by z(-7)?
17
Let w(h) = h - 1. Let b(l) = 5*l - 2. Let g(f) = b(f) - 6*w(f). Calculate the remainder when 18 is divided by g(-3).
4
Suppose -12 = -3*w - 3. Calculate the remainder when w is divided by 2.
1
Let p(j) = -j**3 + 5*j**2 + j + 7. Calculate the remainder when 17 is divided by p(5).
5
Suppose 3*q + 3 = 2*v, -3*v + 3*q + 5 = -q. What is the remainder when 2 is divided by (1/v)/((-3)/(-9))?
0
Suppose 0 = -f + 4 + 4. Let p = 291 - 261. Calculate the remainder when p is divided by f.
6
Suppose 4 + 6 = 2*o, 0 = -g - 4*o + 27. Let k = 6 - g. Calculate the remainder when k - 0 - 38/(-1) is divided by 19.
18
Suppose -19 = -2*v - 11. What is the remainder when 19 is divided by v?
3
Calculate the remainder when 598/5 - 45/75 is divided by 30.
29
Suppose w = 4*w - 60. Let d = -10 - -14. Suppose -c = d*j - 30, j - 5*c + 38 = 5*j. What is the remainder when w is divided by j?
6
Suppose -5*p - 10 = 0, 3*m - 62 = -0*m - 2*p. Calculate the remainder when m is divided by 4.
2
Suppose -3*v = -2*v. Suppose t + v - 11 = 0. What is the remainder when t is divided by (-54)/(-10) + 6/10?
5
Suppose 3*b = 3*x + 2*b - 54, 5*b - 53 = -4*x. Let r = -10 + x. Suppose -5*a = 2*u - 70, -24 = -4*a + 2*u + 14. What is the remainder when a is divided by r?
5
Let x = 3 + -11. Let t(d) = 4*d - 10. Calculate the remainder when t(5) is divided by (36/8)/((-6)/x).
4
Let h = -5 + 3. Let w be (-1 - 57/2)*h. Suppose 0 = -4*m + 25 + w. What is the remainder when 40 is divided by m?
19
Suppose -y + 33 = 4*h, 3*h - 3*y = 1 + 5. Let l = 9 - 6. Suppose 4*a + 5*p - 32 = 0, l*a + 2*p = 3*p + 43. What is the remainder when a is divided by h?
6
Let j be -1 - (2/(-2) + 2). Suppose 0 = 2*w - 5*w + 75. Calculate the remainder when w is divided by 0 - 13/j*2.
12
Suppose 0 = 2*x - 6*x - 416. Let k = -62 - x. Calculate the remainder when k is divided by 15.
12
Suppose 0*b = 3*b - 15. What is the remainder when b is divided by 2?
1
Let x = -2 + 5. Suppose 0 = x*n - 7*n + 48. Calculate the remainder when 47 is divided by n.
11
Calculate the remainder when 9/15 + (-1224)/(-10) is divided by 31.
30
Suppose 52 = 4*f + 4*m, -2*f + 37 - 5 = 5*m. Suppose 0 = 4*x + g - 28, -7*x = -3*x - 4*g - 8. What is the remainder when (30/(-9))/((-1)/x) is divided by f?
9
Suppose 0 = 2*d - 10 + 30. Let f = 3 - d. What is the remainder when 23 is divided by f?
10
Let f(u) = u + 13. Let o be f(-10). Suppose -y + 2*y - o = -3*z, -4*z = 4*y - 44. Calculate the remainder when y is divided by 8.
7
Suppose t + 2*s - 6*s = 41, -t - 5*s = -86. What is the remainder when t is divided by 20?
1
Suppose -26 + 7 = -z. What is the remainder when z is divided by 5?
4
Suppose -72 = b - 105. Calculate the remainder when 59 is divided by b.
26
Suppose g + 4 = 0, g - 2*g + 59 = 3*m. What is the remainder when m is divided by (7/5 + 1)/((-3)/(-10))?
5
Let f = -27 - -40. What is the remainder when 49 is divided by f?
10
Let h(n) = n**3 - 12*n**2 - n + 22. Calculate the remainder when 117 is divided by h(12).
7
Let c = 20 - 19. What is the remainder when 11 is divided by (c*-7)/(-1 + 0)?
4
Let z = 2 + 4. Suppose -n + 106 = y, -n - 498 = -5*y + 2*n. What is the remainder when ((-4)/(-12))/(2/y) is divided by z?
5
Let p = 6 + -6. Suppose p = -4*d + 12, d = -4*y + 3*d + 198. Calculate the remainder when y is divided by 26.
25
Let r(f) = 7*f**2 + 5*f + 4. What is the remainder when r(-1) is divided by 2?
0
Suppose 0 = -z + 6*z - 15. Suppose 0 = y + 4 - 3, 33 = 3*r + z*y. What is the remainder when 34 is divided by r?
10
What is the remainder when 3/(-2) - 1/2 - -54 is divided by -1 - -3 - -16*1?
16
Suppose -3*o + 2*k = -3, 4*k - 1 = 5*o - 8. Let q be o/(-1 + (-110)/(-112)). Let v = q - 23. Calculate the remainder when v is divided by 17.
16
Suppose u - 246 - 1 = -2*d, 0 = 3*u - 4*d - 791. What is the remainder when u is divided by 26?
23
Suppose 15 = 3*z, -12 - 13 = 4*y - 5*z. Suppose n + 2 - 8 = y. What is the remainder when 11 is divided by n?
5
Let w(o) = -4*o - 1. Suppose 0 = -2*t - 4 - 8. Let c(n) = -n**2 - 7*n + 1. Calculate the remainder when w(-5) is divided by c(t).
5
Suppose 152 = 2*n + 4*w, 0 = -2*n + w + w + 176. Let z(h) = 32*h - 3. What is the remainder when n is divided by z(1)?
26
Let x(u) = 21*u + 1. Calculate the remainder when x(1) is divided by (1 + -6)*-2 - (3 + 1).
4
Let p = 88 - 80